{"id":1430,"date":"2024-02-08T15:09:27","date_gmt":"2024-02-08T15:09:27","guid":{"rendered":"https:\/\/gebro.es\/pathologies\/copd\/"},"modified":"2025-02-12T18:28:21","modified_gmt":"2025-02-12T18:28:21","slug":"epoc","status":"publish","type":"pathology","link":"https:\/\/gebro.es\/ca\/patologies\/epoc\/","title":{"rendered":"EPOC"},"excerpt":{"rendered":"<p>Malaltia pulmonar obstructiva cr\u00f2nica: qu\u00e8 \u00e9s, quins s\u00f3n els seus s\u00edmptomes i qu\u00e8 fer per prevenir-la i tractar-la.<\/p>\n","protected":false},"featured_media":1431,"parent":0,"menu_order":16,"template":"","class_list":["post-1430","pathology","type-pathology","status-publish","has-post-thumbnail","hentry"],"acf":[],"_links":{"self":[{"href":"https:\/\/gebro.es\/ca\/wp-json\/wp\/v2\/pathology\/1430","targetHints":{"allow":["GET"]}}],"collection":[{"href":"https:\/\/gebro.es\/ca\/wp-json\/wp\/v2\/pathology"}],"about":[{"href":"https:\/\/gebro.es\/ca\/wp-json\/wp\/v2\/types\/pathology"}],"wp:featuredmedia":[{"embeddable":true,"href":"https:\/\/gebro.es\/ca\/wp-json\/wp\/v2\/media\/1431"}],"wp:attachment":[{"href":"https:\/\/gebro.es\/ca\/wp-json\/wp\/v2\/media?parent=1430"}],"curies":[{"name":"wp","href":"https:\/\/api.w.org\/{rel}","templated":true}]}}

<p>Malaltia pulmonar obstructiva crònica: què és, quins són els seus símptomes i què fer per prevenir-la i tractar-la.</p>
