{"id":1421,"date":"2024-02-08T15:01:44","date_gmt":"2024-02-08T15:01:44","guid":{"rendered":"https:\/\/gebro.es\/pathologies\/asthma\/"},"modified":"2025-02-12T18:26:56","modified_gmt":"2025-02-12T18:26:56","slug":"asma","status":"publish","type":"pathology","link":"https:\/\/gebro.es\/ca\/patologies\/asma\/","title":{"rendered":"Asma"},"excerpt":{"rendered":"<p>Quins s\u00f3n els s\u00edmptomes de l&#8217;asma? I els seus factors de risc? Tots els detalls sobre aquesta malaltia cr\u00f2nica respirat\u00f2ria.<\/p>\n","protected":false},"featured_media":1422,"parent":0,"menu_order":10,"template":"","class_list":["post-1421","pathology","type-pathology","status-publish","has-post-thumbnail","hentry"],"acf":[],"_links":{"self":[{"href":"https:\/\/gebro.es\/ca\/wp-json\/wp\/v2\/pathology\/1421","targetHints":{"allow":["GET"]}}],"collection":[{"href":"https:\/\/gebro.es\/ca\/wp-json\/wp\/v2\/pathology"}],"about":[{"href":"https:\/\/gebro.es\/ca\/wp-json\/wp\/v2\/types\/pathology"}],"wp:featuredmedia":[{"embeddable":true,"href":"https:\/\/gebro.es\/ca\/wp-json\/wp\/v2\/media\/1422"}],"wp:attachment":[{"href":"https:\/\/gebro.es\/ca\/wp-json\/wp\/v2\/media?parent=1421"}],"curies":[{"name":"wp","href":"https:\/\/api.w.org\/{rel}","templated":true}]}}

<p>Quins són els símptomes de l&#8217;asma? I els seus factors de risc? Tots els detalls sobre aquesta malaltia crònica respiratòria.</p>
