{"id":1415,"date":"2024-02-08T21:30:23","date_gmt":"2024-02-08T21:30:23","guid":{"rendered":"https:\/\/gebro.es\/pathologies\/bladder-cancer\/"},"modified":"2025-02-12T18:25:27","modified_gmt":"2025-02-12T18:25:27","slug":"cancer-de-bufeta","status":"publish","type":"pathology","link":"https:\/\/gebro.es\/ca\/patologies\/cancer-de-bufeta\/","title":{"rendered":"C\u00e0ncer de bufeta"},"excerpt":{"rendered":"<p>S\u00edmptomes, factors de risc, diagn\u00f2stic i com detectar el c\u00e0ncer vesical.<\/p>\n","protected":false},"featured_media":1417,"parent":0,"menu_order":6,"template":"","class_list":["post-1415","pathology","type-pathology","status-publish","has-post-thumbnail","hentry"],"acf":[],"_links":{"self":[{"href":"https:\/\/gebro.es\/ca\/wp-json\/wp\/v2\/pathology\/1415","targetHints":{"allow":["GET"]}}],"collection":[{"href":"https:\/\/gebro.es\/ca\/wp-json\/wp\/v2\/pathology"}],"about":[{"href":"https:\/\/gebro.es\/ca\/wp-json\/wp\/v2\/types\/pathology"}],"wp:featuredmedia":[{"embeddable":true,"href":"https:\/\/gebro.es\/ca\/wp-json\/wp\/v2\/media\/1417"}],"wp:attachment":[{"href":"https:\/\/gebro.es\/ca\/wp-json\/wp\/v2\/media?parent=1415"}],"curies":[{"name":"wp","href":"https:\/\/api.w.org\/{rel}","templated":true}]}}

Càncer de bufeta

<p>Símptomes, factors de risc, diagnòstic i com detectar el càncer vesical.</p>
